 the highest common factor of 12 and z.
6
Let a = 38 + -8. Let u = -182 + 192. Calculate the greatest common factor of a and u.
10
Let w be 0 + (3 - 1) + -8. Let x(k) = -k + 1. Let q be x(w). Let f be q/5 + (-10)/25. Calculate the highest common factor of f and 1.
1
Suppose -19 = -5*l + 4*l. Calculate the greatest common divisor of 209 and l.
19
Suppose 15 = 3*k, k - 19 - 1 = 5*y. Let q(v) = 9*v**2 - 4*v - 3. Let j be q(y). Suppose -30 = -2*f - f. Calculate the greatest common factor of f and j.
10
Let t be 330/20*(-16)/(-3). Calculate the greatest common factor of t and 8.
8
Let d = 23 - 21. Let f be 4 - 0 - (-1 - -1). Suppose 0 = 5*v + b - 51, 6*b = -f*v + b + 45. Calculate the highest common divisor of d and v.
2
Suppose -3*i + 10 = -50. Let a = 26 - i. Calculate the highest common divisor of 12 and a.
6
Let r be 58/4 + 2/(-4). Let l = 0 + 0. Suppose 4*f = -l*f + 56. What is the greatest common factor of f and r?
14
Let u = 24 - 12. Let t = 41 - u. Suppose 0 = 4*c - 2*f - 16, 11 = 4*c + 4*f - t. Calculate the greatest common factor of c and 6.
6
Let l(y) = y**2 + 2*y + 3. Let h be l(3). Let n be (-27)/18*8/(-6). Suppose -5*f = -n*f - 81. Calculate the highest common divisor of f and h.
9
Let g = 136 + -129. Calculate the highest common divisor of g and 77.
7
Let s = -55 + 78. Calculate the greatest common factor of 23 and s.
23
Let k(x) = -x**2 + 7*x + 2. Let z be k(7). Suppose u + 200 = 2*p, -2*u - z*u - 290 = -3*p. Calculate the greatest common factor of p and 17.
17
Let y(f) = -f + 32. Let a be y(0). What is the greatest common factor of a and 80?
16
Suppose r - 15 = -2*h + 11, 0 = -5*r + h + 152. What is the highest common factor of r and 20?
10
Let s be 33/44 - 85/(-4). Suppose -t + 16 = 3*k + t, -3*k = 5*t - s. Calculate the greatest common divisor of 28 and k.
4
Suppose 2*r - l - 19 = 0, -14 = -0*r - r + 2*l. Let u be (6/(-8))/((-2)/32). Calculate the greatest common factor of u and r.
4
Suppose 0 = -3*h + 2*o + 7 + 150, 0 = 5*h + 5*o - 295. What is the highest common factor of h and 11?
11
Suppose 0 = -5*m + 10. Suppose 0 = -m*n + c + c + 18, 2*n = -5*c + 25. What is the greatest common divisor of 2 and n?
2
Let z be (-3)/(-3)*(-67)/(-1). Let w = -47 + z. Calculate the greatest common factor of 4 and w.
4
Let t(d) = -35*d - 40. Let p be t(-8). What is the highest common factor of p and 15?
15
Let o(i) = i**3 + i**2 - i + 2. Let r be o(2). Let j(a) = -4*a + 10. Let q be j(-5). Calculate the greatest common factor of q and r.
6
Let t(q) = 21*q**2 - q - 2. Let p be t(-1). Let h = 136 + -96. Calculate the highest common factor of p and h.
20
Suppose -4*c - t - 4*t + 124 = 0, -2*c = 4*t - 68. Calculate the highest common divisor of 2 and c.
2
Let s be ((-40)/(-12))/(4/(-18)). Let i = s + 59. Let t be i/7 + 6/(-21). Calculate the highest common factor of t and 18.
6
Suppose 0 = -f + 5*f - 20. Let i = 23 + -33. Let u be (-56)/i + 48/(-80). Calculate the greatest common factor of f and u.
5
Suppose 3*a = 4*w - 2*a - 495, -2*w - 2*a = -234. Suppose 17*x = 41 + 163. Calculate the greatest common divisor of w and x.
12
Suppose n + 78 = b, 0 = -b + 2*b - 4*n - 72. Let d = 9 - 5. Suppose -d*i = -0*i - 40. What is the greatest common divisor of i and b?
10
Suppose k + 32 = 2*k. Suppose -4*v - 20 = -0*v. Let x(q) = -q**2 - 7*q - 2. Let s be x(v). Calculate the greatest common divisor of k and s.
8
Suppose 0 = 2*o - 0*o - 12. Let c(d) = -d**3 + 9*d**2 - 4*d - 7. Let t be c(o). What is the highest common factor of 11 and t?
11
Suppose -3*h + 0*j + 2*j = -27, -4*j = 12. Suppose 3*v = 2*z + 174, 2*v = -0*v - 3*z + 103. Calculate the greatest common factor of h and v.
7
Suppose -5*k + 2*k = 0. Let z(c) = -1. Let n(w) = -w + 8. Let t(y) = n(y) - 4*z(y). Let l be t(k). Calculate the greatest common divisor of l and 108.
12
Suppose -21 - 33 = -3*a. What is the highest common divisor of 198 and a?
18
Let j = 64 - 37. Suppose 5*w = 2*q + j, -4*q - 8 = -w - q. Suppose w*z - 35 = -2*s, -z = -5*s + 11 + 9. What is the highest common divisor of z and 1?
1
Let g = -6 + 13. Let m = g + -4. Suppose m*t - 9 = -4*x, -t - 4*x = t - 6. Calculate the greatest common divisor of 30 and t.
3
Suppose -u - 2*u = 0. Suppose -t + 6*t = 2*f + 6, -4*f - 4*t - 12 = u. Let i = 7 + f. What is the highest common factor of i and 24?
4
Let a(t) = -t**3 + 7*t**2 - 3*t - 2. Let j be a(4). Calculate the highest common divisor of j and 85.
17
Let s = 0 + 1. Calculate the highest common factor of 8 and s.
1
Let o(b) = 61*b + 4. Let w be o(3). Let p = 17 - 0. What is the highest common divisor of p and w?
17
Let v be 28/(-1 + -2 + 5). What is the highest common factor of v and 56?
14
Let u(k) = 2*k - 9 + 10 + 0*k - 6*k**3. Let t be u(-1). Let f = 19 + t. What is the highest common factor of 16 and f?
8
Let h be 194/(-6)*-3 - -1. Calculate the greatest common factor of 14 and h.
14
Let q(i) = 2*i**3 - 3*i**2 - i + 2. Let x be q(3). Let c(t) = -8*t - 1. Let l be c(-5). What is the highest common factor of x and l?
13
Suppose o = -3*o + p + 43, 0 = -4*o + 3*p + 49. Calculate the greatest common factor of 50 and o.
10
Suppose 4*h - 3*y - 8 = 45, 0 = -h + 3*y + 11. What is the greatest common divisor of h and 154?
14
Let f = -246 + 256. Let j be (20/6)/((-2)/(-9)). What is the greatest common divisor of j and f?
5
Let k = -21 + 34. What is the highest common divisor of k and 143?
13
Suppose 8*a = 3*a + f + 618, -f = -4*a + 495. Let q be (-1)/4 - a/(-12). What is the highest common divisor of 30 and q?
10
Let u be ((-14)/4)/(3/(-6)). Let i be (-40)/6*(1 - u). What is the greatest common divisor of 16 and i?
8
Let d be -2 - 5/((-5)/(-6)). Let u(z) = -z**3 - 6*z**2 - 9*z. Let s be u(d). What is the highest common divisor of 25 and s?
25
Let i = 450 + -335. Let d be ((-46)/(-8))/((-2)/(-8)). Calculate the greatest common factor of d and i.
23
Let r(z) = -z**2 - 5*z + 4. Let l be r(-5). Suppose 2 = 2*y - 0, 3*h + l*y - 19 = 0. Suppose x + 2*x - 165 = 0. Calculate the highest common factor of h and x.
5
Suppose 8*o - 7*o - 17 = 0. Calculate the greatest common divisor of o and 17.
17
Let q(d) = -4*d**3 - 4*d**2 - 5*d - 7. Let i be q(-3). Calculate the greatest common divisor of 32 and i.
16
Suppose k = -5, 3*k + 2*k = 5*g - 65. Calculate the greatest common divisor of g and 8.
8
Suppose 2*i - 5*y - 32 = 0, 3*i + 2*y - 25 = -2*y. Calculate the highest common factor of 55 and i.
11
Suppose 2*i - i = 0. Suppose i = s - 4*a, -4*s - 2*a - a + 19 = 0. Let z(k) = 2*k - 4. Let g be z(4). Calculate the greatest common factor of s and g.
4
Suppose 0 = 17*x - 16*x - 10. What is the greatest common divisor of 15 and x?
5
Let m = 0 + 153. What is the highest common factor of m and 17?
17
Suppose -7 + 2 = -w. Suppose 3*h + 36 = 3*j, 4*j = w*h + 16 + 33. Calculate the greatest common factor of j and 11.
11
Suppose -p + 4 + 1 = 0. Suppose 2*v + 56 = 4*q + 6*v, p*v = -4*q + 56. What is the greatest common divisor of 35 and q?
7
Suppose 0*x = x - 12. Let k(n) = -7*n**2 + 2*n - 1. Let r be k(1). Let d be ((-3)/r)/(2/24). Calculate the greatest common factor of d and x.
6
Let y = 198 + -118. What is the highest common divisor of 10 and y?
10
Let d(h) = h**2 - 7*h + 8. Let i be d(7). What is the greatest common factor of 12 and i?
4
Let k be (-11 + (0 - 0))*-1. Suppose n = 6*n - 5. Let i(v) = 11*v. Let t be i(n). What is the highest common factor of t and k?
11
Let q be 2/8 - (-86)/8. Let h be (-31 + 4)*(-36)/3. Suppose h = 2*p + 82. What is the highest common divisor of q and p?
11
Let r be 1*5 - (-6)/(-3). Suppose -2*u = -b + 110, -b = b + r*u - 227. Suppose 4*p - 28 = 28. What is the highest common divisor of p and b?
14
Let p(h) be the second derivative of -3*h**5/5 + h**3/3 + h**2/2 + 4*h. Let g be p(-1). What is the greatest common factor of 11 and g?
11
Let y be (0/(-3 - -1))/(-2). Let t be (-3 - y)/6*0. Suppose 2*p - 4*h - 36 = t, -p + 26 = -7*h + 3*h. Calculate the highest common factor of p and 15.
5
Suppose 0 = -8*r + 3*r + 15, -4*f + 5*r - 31 = 0. Let m be 3*(-2)/f*2. Suppose m*b - 42 = b. Calculate the highest common factor of b and 14.
7
Suppose 2*o - 2*u - 2*u - 22 = 0, 4*o - 20 = 2*u. Suppose o*k - 6 = -0*k. Suppose -z - k*z + 27 = 0. What is the highest common divisor of 9 and z?
9
Let d = 68 - 57. 